t s = 1 + p. Calculate the highest common divisor of s and 5.
1
Suppose -5*u = -61 - 14. What is the highest common divisor of 3 and u?
3
Suppose 5*l = 30 + 75. What is the greatest common factor of 21 and l?
21
Suppose 3*s = -4*a + 77, 0 = -5*s - 5*a - 1 + 126. What is the greatest common factor of s and 253?
23
Let v be ((-1404)/(-6))/2*(-2)/(-2). What is the greatest common factor of 26 and v?
13
Let x(t) be the first derivative of t**3/3 - 5*t - 6. Let v be x(-5). What is the highest common factor of v and 10?
10
Let o be ((-10)/8)/((-1)/4). Suppose 0 = -o*p + 3 + 107. Suppose -2*u + 440 = 6*u. Calculate the greatest common factor of p and u.
11
Let h = 101 - 61. Suppose -14*c + 12*c = -h. What is the greatest common divisor of 160 and c?
20
Suppose -3*g = -9 - 9. What is the greatest common divisor of g and 30?
6
Let h(c) = c**2 + 2*c - 2. Let f be h(2). Let n be (2/(-6))/(f/(-288)). Let o = 104 + 8. What is the highest common divisor of o and n?
16
Let b = -20 - -31. Calculate the highest common divisor of b and 1.
1
Let v be (-310)/(-8) + (-2)/(-8). Suppose q - 2*j - 17 = 0, -q - 5*j = -4*q + 49. Calculate the greatest common factor of v and q.
13
Let x be (-1)/4 - (-1352)/32. Let y(a) = -a**2 - 6*a - 2. Let f be y(-5). Suppose 0 = f*h - 10 - 11. Calculate the highest common factor of x and h.
7
Let x(a) = 3*a**2 + 3*a + 8. Let b be x(11). Suppose -j = -4*m + 829, -3*m - 4*j = -5*m + b. Calculate the greatest common factor of m and 26.
26
Let t be 68*5/20 + (2 - -1). Let v be -29*(-1 - 4/(-1)). Let y = v - -137. What is the greatest common factor of t and y?
10
Suppose 0 = 3*m - c - 2, 4*c - 9 = -4*m - c. Let w be (-9)/15 - (-73)/5. Let z = -9 + w. What is the highest common divisor of z and m?
1
Let u = -93 + 107. What is the greatest common factor of 154 and u?
14
Let t(v) be the third derivative of 0 + 0*v + 1/20*v**5 + 4*v**2 + 1/3*v**3 + 1/12*v**4. Let a be t(-2). Calculate the greatest common factor of a and 5.
5
Let t be 3/(-7) - 1296/(-84). Suppose 0 = 2*u + u - 15. What is the greatest common factor of t and u?
5
Let s(c) be the second derivative of c**4/12 - c**2 - 6*c. Let z be s(4). What is the greatest common factor of 28 and z?
14
Let q(h) = h**3 - 2*h**2 - 2*h. Let n be q(3). Let o be 6 + (-5 - -3) - 1. What is the highest common divisor of o and n?
3
Let g = 46 - 13. Let t = 114 - -18. Calculate the highest common factor of t and g.
33
Suppose -5*a + 3*j + 2*j + 120 = 0, 2*a - 52 = j. Calculate the greatest common divisor of a and 28.
28
Suppose x = 3*z + 8, 0 = 3*z + 2*x - x + 10. Let t(m) = -21*m + 3. Let y be t(z). Calculate the highest common divisor of y and 44.
22
Let t be 574/(1 - -1) - (-1 + 2). Calculate the highest common factor of 26 and t.
26
Let v = 38 - 14. What is the greatest common factor of v and 3?
3
Suppose -3*f = 5*j - 252, j = 4*j. What is the greatest common divisor of 12 and f?
12
Suppose 5*f - 21 = 2*f. Suppose -3*g = 5*u - 50, 5*g + f = u - 3. Suppose 5*v - 12 = 2*v. Calculate the highest common factor of u and v.
2
Let b(l) = l**2 + 6*l - 5. Let z be b(-7). What is the greatest common divisor of 12 and z?
2
Suppose 0 = z + 3*z. Suppose 0 = x - 2, z*x - 201 = -5*n - 3*x. What is the highest common factor of n and 26?
13
Let n = -4 + 9. Let h(l) = 4*l**2 + l. Suppose -4*q + 0 + 4 = 0. Let u be h(q). Calculate the highest common factor of n and u.
5
Suppose -39 - 86 = -5*k. Calculate the highest common divisor of 225 and k.
25
Suppose -6*s = -3*s. Suppose -17 = -u - 4*v, 2*u + s + 10 = 3*v. Calculate the greatest common divisor of u and 4.
1
Let o be (-3)/(-18) - (-186)/(-36). Let c(g) = g**2 + 2*g + 9. Let f be c(o). Let l be (13/7 - 1)*70. What is the greatest common divisor of f and l?
12
Let z(m) = 6*m. Let x(j) = -5*j - 1. Let k(n) = 7*x(n) + 6*z(n). Let d be k(10). Calculate the highest common divisor of d and 24.
3
Let s be (-2)/4 + 15/6. Let p be 366/4 - (-1)/s. Let f be 3/(-9) - p/(-6). What is the highest common divisor of 3 and f?
3
Let r be 1 + -65*(3 + (-4 - 0)). Let s = 10 + -4. Calculate the highest common factor of r and s.
6
Suppose -10 = -5*j + 65. Suppose 11*s - 8*s = j. Let f be (15/(-6))/((-2)/4). What is the greatest common factor of f and s?
5
Let n(q) = -27*q - 3. Let o be n(-5). Let f = 202 - o. Suppose -5*y + 5*i = -75, -2*y - 3*i = 9 - 34. What is the highest common factor of y and f?
14
Suppose 0*s - 65 = -5*s. What is the highest common factor of s and 13?
13
Let m be 1 + 42 + -24 + 26. Calculate the greatest common factor of m and 27.
9
Let b = -8 - -11. Calculate the highest common divisor of b and 3.
3
Let m(a) = a**3 - 6*a**2 + 4*a - 1. Let t be m(4). Let o = 24 + t. Let d be (-556)/(-10) - (-2)/5. What is the highest common divisor of o and d?
7
Let z be -3 - 25/2*-2. What is the greatest common divisor of 242 and z?
22
Suppose 15*x - 65 = 10*x. Suppose -5*a + 67 - 2 = 0. What is the greatest common factor of x and a?
13
Let c(w) = -4*w - 21. Let u be c(-6). Calculate the highest common divisor of u and 3.
3
Let s(d) = -d**3 + 12*d**2 + 6*d - 18. Let o be s(12). Calculate the highest common factor of 6 and o.
6
Let v(j) = -12 - 6*j + 7*j - 4*j - 4*j. Let t = 5 + -17. Let p be v(t). What is the greatest common divisor of 48 and p?
24
Suppose 1 = 2*b + 4*i - 3, 0 = -5*i - 15. Calculate the highest common divisor of 24 and b.
8
Let b(x) = x**2 + 3*x + 2. Let s be b(-1). Suppose -3*f + 0*f + 66 = s. Calculate the highest common divisor of f and 198.
22
Let r be (-865)/(-35) - (-6)/21. Calculate the highest common divisor of r and 50.
25
Let c(q) = q - q + 2*q**2 - 1 - q**2 - 17*q**3. Let r be c(-1). What is the greatest common divisor of 68 and r?
17
Let v be (-13)/(-3) - 2/6. Let w(u) = -u + 12. Let k be w(0). Calculate the greatest common divisor of v and k.
4
Let t be (-1 + 41)*(-297)/(-45). What is the highest common factor of t and 24?
24
Suppose 0 = 2*b - 7*b + 60. Let n be 50 - (14/4 + 12/(-8)). Calculate the highest common divisor of b and n.
12
Let v(l) = 9*l + 5. Let r be v(-4). Let g be (r + 1)*(-45)/10. What is the greatest common factor of g and 15?
15
Let v = -101 - -211. What is the greatest common divisor of 44 and v?
22
Let u = 28 + -18. What is the highest common divisor of u and 90?
10
Let m = 284 - 262. Let c be 0/(-1) + 2 + 0. What is the highest common factor of m and c?
2
Let m = -32 - -41. What is the greatest common factor of m and 63?
9
Let w(g) = 7*g - 25. Let q be w(5). Calculate the greatest common divisor of q and 4.
2
Suppose 0 = -3*k + 933 + 1167. Suppose y - 5*y = -4*x + k, -5*x = -y - 879. What is the highest common factor of x and 16?
16
Suppose 25 = 2*k + 3. What is the highest common divisor of 121 and k?
11
Let r = 11 + -31. Let u be (0 + 2)*(-170)/r. What is the greatest common divisor of u and 119?
17
Suppose -3*x + 3 = -2*x. Let h = 605 + -604. Calculate the greatest common factor of h and x.
1
Let o(x) = 5*x + x**2 - 5*x**2 - 4*x + 3. Let s be o(3). Let w be ((-2)/(-3))/((-4)/s). What is the highest common divisor of 45 and w?
5
Let y be (3/1)/(3/52). Suppose -6 = 2*x - y. What is the highest common factor of 69 and x?
23
Let d be (20/8 - 2)*24. Calculate the highest common divisor of 30 and d.
6
Let d(z) = -z. Let t be d(-2). Suppose -s = -t*s + 10. Let a = 36 + -11. Calculate the greatest common divisor of s and a.
5
Let j = 15 - -106. Calculate the highest common divisor of 11 and j.
11
Let p = -1 + -3. Let g(m) = -m**3 + m. Let r(o) = -3*o**3 + 2*o - 1. Let j(i) = -5*g(i) + 2*r(i). Let x be j(p). What is the greatest common factor of x and 22?
22
Let r(d) = d**3 + 11*d**2 - 15*d. Let v be r(-12). What is the highest common divisor of v and 90?
18
Suppose 5*l + 4 = -6. Let c be 42*(2 + l/4). What is the greatest common factor of 9 and c?
9
Let s(y) be the second derivative of -3*y**3/2 - 5*y**2/2 - 3*y. Let o be s(-5). Calculate the highest common factor of o and 16.
8
Suppose -5*a - 2*h + 85 = 0, -2*a + 5*h = -0*a - 63. What is the greatest common divisor of a and 171?
19
Let k be (2 + 38)*9/12. Calculate the greatest common divisor of 20 and k.
10
Let x be 0 + -72*(1 - 3). Calculate the greatest common factor of x and 16.
16
Let y be (35/(-21))/(3/(-18)). Calculate the greatest common factor of 30 and y.
10
Let o be 